 is the highest common factor of x and 6?
6
Suppose q - 5*o = 116 + 296, 3*q = 3*o + 1260. Suppose 2*y + 4*p - p = q, p = 3*y - 622. Calculate the greatest common divisor of 16 and y.
16
Let s be (2/2 - -8)/(8/104). Suppose 0 = -8*o + 5*o + s. Suppose 5*p = 3*i + 2*p - o, 5*i = -2*p + 93. What is the highest common divisor of 17 and i?
17
Let y = 4507 + -4416. Calculate the greatest common divisor of y and 119.
7
Suppose -j = -h - 227, h + 3 = -0. What is the highest common divisor of j and 32?
32
Let b(t) = t**2 + 684*t + 13609. Let x be b(-20). Let i be (-47)/((0 - -1)/(-1)). What is the greatest common factor of i and x?
47
Suppose -30*v - 2*v + 2448 = 19*v. What is the highest common factor of 11472 and v?
48
Let o be ((-12)/8)/(2/(-4)). Let u be (3/3)/(o/15). Let a be ((-76)/(-57))/(34/30 + -1). Calculate the greatest common factor of u and a.
5
Suppose r + f = 3, 2*r - 5 = -3*f + 3. Let s = 3977 + -3968. Let i be s*r + (-11)/(66/12). What is the greatest common factor of i and 77?
7
Let p be (-6)/(15/(-5)) + 4 + -1. Suppose 5*f - 85 = -5*x, -p + 8 = -f. Calculate the greatest common divisor of x and 340.
20
Let a be 3*((-800)/(-15))/8. Let y be (36/a*1)/((-9)/(-120)). Calculate the greatest common factor of y and 8.
8
Let l be -8*9/(-3) - -2. Suppose 2*o + 4*a = l, -4*o - 2*a + 37 + 33 = 0. Suppose o = -4*c + 75. What is the highest common factor of c and 14?
14
Suppose 2*x - 4*s = 240, 4*x + s = 571 - 118. Suppose -g + x = -14. Suppose 5*t = z - 6, -z - 4*z - t = -82. What is the greatest common factor of z and g?
16
Let n(y) = y**2 + 134*y + 1933. Let q be n(-120). Calculate the highest common divisor of 803 and q.
11
Suppose -i + 5*f + 52 - 375 = 0, -3*i = f + 1033. Let t = -331 - i. What is the greatest common divisor of 156 and t?
12
Suppose 2*r + o = 149, 0 = -54*r + 50*r + 3*o + 303. Calculate the highest common divisor of r and 950.
25
Suppose 0 = -188*z - 84252 + 447092. Calculate the highest common divisor of 10 and z.
10
Suppose -3 = -4*y + 3*n - 1, -n = -3*y + 4. Suppose 1704 = 2*a + 4*m, 3*m + 2574 = y*a + a. Let w = -537 + a. Calculate the greatest common divisor of 29 and w.
29
Suppose m + 12 = -m. Let j(d) = -3*d**3 - 16*d**2 + 2*d - 9. Let p be j(m). Suppose -10*c = p - 271. What is the highest common factor of c and 44?
22
Let p be 19686/48 + (-1)/8. Let a = p - 378. What is the greatest common divisor of 928 and a?
32
Let d(p) = -6*p**2 - 2*p + 56. Let f be d(0). Suppose -f*o + 71*o = 6750. Calculate the highest common factor of o and 36.
18
Suppose -5*g + 34 = -3*c + 7, 2*c = 4*g - 20. Let v(t) = 28*t**2 + 6*t. Let f be v(c). What is the greatest common factor of f and 53?
53
Let v(j) = 15*j - 194. Let d be v(13). Let a be d - 18/22 - (-178622)/946. What is the greatest common factor of 9 and a?
9
Let l be 12 + (14 - 36) - -17. Calculate the highest common divisor of 721 and l.
7
Suppose 3*d = 4*c - 330, -5*d + 172 = 3*c - 32. What is the greatest common factor of c and 9750?
78
Let q = 6767 + -6629. Let g(i) = i**2 + 6*i + 6. Let r be g(-6). What is the highest common divisor of q and r?
6
Suppose -s - 49 = -t, 2*s - 5*t = 3*s + 61. Let f = 65 + s. Let h be (189/2)/(12/16). What is the highest common divisor of f and h?
14
Let d be 2/7 - (-292)/7. Let b(u) = -44*u - 2476. Let c be b(-62). Calculate the highest common divisor of d and c.
42
Suppose 98*z = 105*z - 1792. Calculate the highest common divisor of 144 and z.
16
Suppose 37*c - 104470 = 44714. Calculate the highest common divisor of c and 216.
72
Let j be (-1)/(-17*2/4) - (-4012)/289. Calculate the highest common divisor of 3346 and j.
14
Suppose -1928 = -147*l - 36*l + 1366. Calculate the highest common factor of 3510 and l.
18
Let p = 97 + -64. Let k = p + -130. Let q = k - -103. What is the highest common divisor of q and 60?
6
Let l = 1858 + -1846. What is the greatest common divisor of l and 342?
6
Suppose p + 6*i = i + 99, -2*p = 3*i - 184. Let m = p - 96. Let z(g) = g**3 + 9*g**2 + 9*g + 11. Let l be z(m). What is the highest common factor of 115 and l?
23
Suppose -4*d - 9 = -5*d + 2*r, 3 = -4*d - 5*r. Let c be d/(((-264)/1960)/(-11)). What is the greatest common factor of c and 49?
49
Let s(b) = 988*b - 12650. Let c be s(13). Calculate the highest common divisor of c and 7178.
194
Let v(a) = a**2 + 23*a + 12. Let c be v(-26). Suppose c = 8*f + f. Suppose 53 - 133 = -8*r. Calculate the highest common factor of f and r.
10
Let o be ((-4)/(-2))/(6/417) + (-490)/(-98). Let u be 6*-7*(-54)/63. What is the greatest common factor of u and o?
36
Let r = 93273 + -93247. Let x be 1 - 3/(6/(-10)). What is the highest common factor of r and x?
2
Suppose 2*w - 27*i - 5396 = -23*i, -4*i = w - 2668. Calculate the highest common divisor of 320 and w.
64
Suppose -3*h + 5*c + 185 = 0, -88 = -3*h + 2*c + 94. Calculate the highest common factor of h and 148.
4
Let u(w) = -12*w**2 - 319*w - 168. Let r be u(-26). What is the highest common divisor of 16870 and r?
14
Let l(f) = 20*f + 48. Let x be l(14). Suppose 126 = -x*o + 331*o. Calculate the greatest common factor of 126 and o.
42
Let x = 1418 - 1403. Let i be (-236)/(-16) + 2/8. What is the highest common factor of x and i?
15
Let v = -9605 - -13330. What is the highest common factor of v and 10?
5
Let n = -30 - -46. Let i(h) = -10*h - 12. Suppose -4*p + 24 = -8*p. Let v be i(p). Calculate the greatest common divisor of v and n.
16
Let r be ((-94)/(-4))/(17/204). Suppose 0 = -i + y + r, 4*y + 15 = 9*y. Calculate the greatest common divisor of i and 57.
57
Suppose 0 = -f + t + 11207, 2*f = -13*t + 8*t + 22407. What is the highest common divisor of 104 and f?
26
Suppose -5*p - 3*q + 40432 = 0, q + 32348 = 4*p + 4*q. Calculate the highest common divisor of p and 344.
172
Let l be (-1)/(2080/(-415) + 5). Suppose -3*h - 35 + l = 0. Calculate the highest common factor of h and 3.
1
Suppose -40*o - 8 = -41*o. Let g(w) = 4*w**2 - 10*w + 22. Let d be g(o). Calculate the highest common divisor of d and 18.
18
Suppose -6*i - 8 + 20 = 0. Suppose -i*j + 46 = 4. Suppose -16*q - 55 = -j*q. Calculate the highest common divisor of q and 176.
11
Suppose 4*l = 8, -p - 3*l - 4 = -16. Let f(q) be the first derivative of 11*q**2/2 - 3*q + 2. Let h be f(p). Calculate the highest common divisor of h and 7.
7
Let d = -34240 - -35076. Suppose -o - 1 = -5*m, -4*o + 0*o + 92 = 4*m. What is the highest common factor of d and o?
19
Suppose v + 10 = -2*u - 7, -4*u - v = 31. Let s be (-3 - u) + 42 - -2*1. Calculate the highest common divisor of 208 and s.
16
Let i = -70907 - -70911. Let a = -2 - -34. Calculate the highest common divisor of i and a.
4
Suppose 87 + 12 = 5*o - 3*d, -o + 19 = -d. Suppose 89*f - 88*f - 1029 = 0. Calculate the greatest common divisor of o and f.
21
Suppose -5*v + 66 = -4*y, 23*y + 48 = v + 28*y. What is the greatest common factor of v and 294?
6
Let h be (-11)/(927/(-132) - (0 + -7)). Calculate the highest common factor of h and 352.
44
Suppose 5*u - 2035 = 6*k, -2897 + 862 = -5*u + 2*k. What is the greatest common factor of 22 and u?
11
Let g = 178538 + -178484. Suppose 4*u = 317 + 187. What is the greatest common divisor of g and u?
18
Suppose -9*t - 44132 = -119*t + 42*t. Calculate the greatest common divisor of 66 and t.
11
Let j = 87465 - 87421. Suppose 594 = 7*t - 4*t. What is the greatest common divisor of j and t?
22
Let v(b) = -3*b**3 - 3*b**2 + 2. Let p be v(-2). Let c = -104 - -106. Let n be (c*5)/(62/217). Calculate the highest common divisor of p and n.
7
Let c(o) = o**2 - o + 20. Let p be c(0). Suppose -5*s = -34 + 29, -2*j + 4*s + 136 = 0. What is the highest common divisor of p and j?
10
Let u = -743 + 1261. Suppose u = 13*z - 6*z. Suppose -3*c + z = 20. Calculate the greatest common divisor of c and 6.
6
Let f be ((-119)/(-34) + -4)/(1/(-60)). Let v(d) = d**3 + 12*d**2 + 18*d - 14. Let t be v(-10). What is the highest common factor of f and t?
6
Let d(y) = 5*y - 48. Let p be d(18). Let o be 470 - 0*(3 - p/12). What is the highest common factor of o and 20?
10
Let z(x) = -46174*x - 36. Let b be z(-2). Let m be (-4)/(-30) - b/(-660). Let q = 38 + -3. Calculate the greatest common divisor of q and m.
35
Let i(q) = -4*q - 9. Let y be i(-1). Let k = 47 + y. Let a be 4/(-14)*-43 - 12/k. What is the highest 